{"id":816,"date":"2021-10-05T17:09:49","date_gmt":"2021-10-05T20:09:49","guid":{"rendered":"http:\/\/fof.oac.uncor.edu\/2022\/?page_id=816"},"modified":"2021-11-16T17:10:30","modified_gmt":"2021-11-16T17:10:30","slug":"1st-circular","status":"publish","type":"page","link":"https:\/\/satec.iate.conicet.unc.edu.ar\/?page_id=816","title":{"rendered":"1ra. Circular"},"content":{"rendered":"\n<p>Estimada comunidad,<\/p>\n\n\n\n<p>Nos ponemos en contacto con ustedes para comunicarles que estamos organizando el primer workshop \u201cScientific And Technical Exchange Conferences\u201d (SATEC), a llevarse a cabo los d\u00edas 17 y 24 de Noviembre y 1 de Diciembre del corriente a\u00f1o.&nbsp;<\/p>\n\n\n\n<p>El mismo se realizar\u00e1 en un formato h\u00edbrido, posibilitando la participaci\u00f3n tanto virtual como presencial. En las jornadas de trabajo se presentar\u00e1n algunos de los proyectos en los cuales est\u00e1n trabajando las instituciones organizadoras e invitadas, y habr\u00e1 talleres sobre recursos tecnol\u00f3gicos utilizados para el tratamiento de im\u00e1genes astron\u00f3micas y satelitales.<\/p>\n\n\n\n<p>Dado que en esta primera experiencia queremos generar un intercambio beneficioso entre las instituciones, los invitamos a acercarse a participar como asistentes o como expositores, con intervenciones orales de 15 minutos para presentar proyectos de inter\u00e9s para la comunidad. La inscripci\u00f3n se realiza mediante el siguiente <a href=\"https:\/\/docs.google.com\/forms\/d\/1R7PkoW0tgefDDyBsvyS34DMweKOqsvr2W_QTQXVLHU8\/prefill\" target=\"_blank\" rel=\"noreferrer noopener\">formulario<\/a><\/p>\n\n\n\n<p>La tem\u00e1ticas del workshop incluyen:<\/p>\n\n\n\n<ul><li>Manejo, procesamiento y an\u00e1lisis de grandes vol\u00famenes de datos<\/li><li>Tratamiento y procesamiento de im\u00e1genes<\/li><li>Automatizaci\u00f3n del proceso de reducci\u00f3n de im\u00e1genes astron\u00f3micas y satelitales<\/li><li>Herramientas de aprendizaje autom\u00e1tico&nbsp;<\/li><li>Desarrollos instrumentales y tecnolog\u00edas de manejo de datos.<\/li><\/ul>\n\n\n\n<p>Las ponencias invitadas confirmadas incluyen:<\/p>\n\n\n\n<p class=\"has-text-align-left has-cyan-bluish-gray-color has-text-color\"><strong>Una introducci\u00f3n a la reducci\u00f3n de im\u00e1genes astron\u00f3micas.&nbsp;<\/strong>                                                    Walter Weidmann (OAC)<\/p>\n\n\n\n<p class=\"has-text-align-center\"><\/p>\n\n\n\n<p class=\"has-text-align-center\"><\/p>\n\n\n\n<p class=\"has-text-align-left has-cyan-bluish-gray-color has-text-color\"><strong>Proyectos observacionales IATE-CONAE.&nbsp;<\/strong>                                                                                         Diego Garcia Lambas (IATE)<\/p>\n\n\n\n<p class=\"has-text-align-center\"><\/p>\n\n\n\n<p><\/p>\n\n\n\n<p class=\"has-text-align-left has-cyan-bluish-gray-color has-text-color\"><strong>Decisiones en escenarios complejos.&nbsp;<\/strong>                                                                                                   Juan Cabral (IATE-CONAE)<\/p>\n\n\n\n<p class=\"has-text-align-center\"><\/p>\n\n\n\n<p><\/p>\n\n\n\n<p class=\"has-text-align-left has-cyan-bluish-gray-color has-text-color\"><strong>Sistemas de c\u00e1maras hiperespectrales<\/strong>.                                                                                                Leandro Rocco (CONAE)<\/p>\n\n\n\n<p class=\"has-text-align-center\"><\/p>\n\n\n\n<p><\/p>\n\n\n\n<p class=\"has-text-align-left has-cyan-bluish-gray-color has-text-color\"><strong>Uso cient\u00edfico de las Estaciones de Espacio Profundo instaladas en la Argentina.<\/strong>            Marcelo Colazo (CONAE)<\/p>\n\n\n\n<p class=\"has-text-align-center\"><\/p>\n\n\n\n<p><\/p>\n\n\n\n<p><\/p>\n\n\n\n<p>No duden en contactarnos y escribirnos sobre sus consultas y\/o propuestas a cualquier miembro del COL, formado por: <\/p>\n\n\n\n<pre class=\"wp-block-verse\">                             Sebastian Dar\u00edo Heredia y Nathalie Horlent <strong>(CONAE)<\/strong>\n                             Marcelo Lares y Vanessa Daza <strong>(IATE)<\/strong><\/pre>\n\n\n\n<p>A la direcci\u00f3n de e-mail del evento <a rel=\"noreferrer noopener\" href=\"mailto:SATEC.organizacion@gmail.com\" target=\"_blank\">SATEC.organizacion@gmail.com<\/a>.<\/p>\n\n\n\n<p>Para m\u00e1s informaci\u00f3n puede dirigirse a la p\u00e1gina web <a href=\"https:\/\/satec.iate.conicet.unc.edu.ar\/\">https:\/\/satec.iate.conicet.unc.edu.ar\/<\/a>.<\/p>\n\n\n\n<p>\u00a1Muchas gracias!<\/p>\n\n\n\n<p>Saludos,&nbsp;<\/p>\n\n\n\n<div class=\"wp-container-1 wp-block-buttons\">\n<div class=\"wp-block-button\"><a class=\"wp-block-button__link has-vivid-green-cyan-background-color has-background\" href=\"https:\/\/satec.iate.conicet.unc.edu.ar\/wp-content\/uploads\/2021\/10\/circular-1-3.pdf\" target=\"_blank\" rel=\"noreferrer noopener\">Download<\/a><\/div>\n<\/div>\n\n\n\n<p><\/p>\n","protected":false},"excerpt":{"rendered":"<p>Estimada comunidad, Nos ponemos en contacto con ustedes para comunicarles que estamos organizando el primer workshop \u201cScientific And Technical Exchange Conferences\u201d (SATEC), a llevarse a cabo los d\u00edas 17 y &hellip; <\/p>\n<p class=\"link-more\"><a href=\"https:\/\/satec.iate.conicet.unc.edu.ar\/?page_id=816\" class=\"more-link\">Continuar leyendo<span class=\"screen-reader-text\"> \u00ab1ra. Circular\u00bb<\/span><\/a><\/p>\n","protected":false},"author":2,"featured_media":0,"parent":0,"menu_order":0,"comment_status":"closed","ping_status":"closed","template":"","meta":{"_EventAllDay":false,"_EventTimezone":"","_EventStartDate":"","_EventEndDate":"","_EventStartDateUTC":"","_EventEndDateUTC":"","_EventShowMap":false,"_EventShowMapLink":false,"_EventURL":"","_EventCost":"","_EventCostDescription":"","_EventCurrencySymbol":"","_EventCurrencyPosition":"","_EventDateTimeSeparator":"","_EventTimeRangeSeparator":"","_EventOrganizerID":[],"_EventVenueID":0,"_OrganizerEmail":"","_OrganizerPhone":"","_OrganizerWebsite":"","_VenueAddress":"","_VenueCity":"","_VenueCountry":"","_VenueProvince":"","_VenueZip":"","_VenuePhone":"","_VenueURL":"","_VenueStateProvince":"","_VenueLat":"","_VenueLng":""},"_links":{"self":[{"href":"https:\/\/satec.iate.conicet.unc.edu.ar\/index.php?rest_route=\/wp\/v2\/pages\/816"}],"collection":[{"href":"https:\/\/satec.iate.conicet.unc.edu.ar\/index.php?rest_route=\/wp\/v2\/pages"}],"about":[{"href":"https:\/\/satec.iate.conicet.unc.edu.ar\/index.php?rest_route=\/wp\/v2\/types\/page"}],"author":[{"embeddable":true,"href":"https:\/\/satec.iate.conicet.unc.edu.ar\/index.php?rest_route=\/wp\/v2\/users\/2"}],"replies":[{"embeddable":true,"href":"https:\/\/satec.iate.conicet.unc.edu.ar\/index.php?rest_route=%2Fwp%2Fv2%2Fcomments&post=816"}],"version-history":[{"count":19,"href":"https:\/\/satec.iate.conicet.unc.edu.ar\/index.php?rest_route=\/wp\/v2\/pages\/816\/revisions"}],"predecessor-version":[{"id":1104,"href":"https:\/\/satec.iate.conicet.unc.edu.ar\/index.php?rest_route=\/wp\/v2\/pages\/816\/revisions\/1104"}],"wp:attachment":[{"href":"https:\/\/satec.iate.conicet.unc.edu.ar\/index.php?rest_route=%2Fwp%2Fv2%2Fmedia&parent=816"}],"curies":[{"name":"wp","href":"https:\/\/api.w.org\/{rel}","templated":true}]}}