{"id":1101,"date":"2021-11-16T17:10:12","date_gmt":"2021-11-16T17:10:12","guid":{"rendered":"https:\/\/satec.iate.conicet.unc.edu.ar\/?page_id=1101"},"modified":"2021-11-16T17:10:12","modified_gmt":"2021-11-16T17:10:12","slug":"2da-circular","status":"publish","type":"page","link":"https:\/\/satec.iate.conicet.unc.edu.ar\/?page_id=1101","title":{"rendered":"2da Circular"},"content":{"rendered":"\n<p>Estimada comunidad,<\/p>\n\n\n\n<p>Nos comunicamos nuevamente para informar detalles de los encuentros que se realizar\u00e1n pr\u00f3ximamente.<\/p>\n\n\n\n<p>El cronograma incluye 7 charlas invitadas, 2 talleres y la contribuci\u00f3n de 4 charlas cortas.<\/p>\n\n\n\n<p>Las actividades tendr\u00e1n una modalidad h\u00edbrida, con encuentros tanto presenciales como virtuales. Dadas las restricciones sanitarias a\u00fan vigentes, hay un n\u00famero limitado de lugares para la participaci\u00f3n presencial, por lo que el d\u00eda lunes 15 informaremos la lista de los inscriptos invitados para asistir a las charlas. En dicha oportunidad solicitaremos confirmaci\u00f3n e informaci\u00f3n para agilizar el ingreso a las instalaciones de CONAE o del OAC.<\/p>\n\n\n\n<p>El cronograma es el siguiente:<\/p>\n\n\n\n<figure class=\"wp-block-table\"><table><tbody><tr><td><strong>Jornada 1<\/strong><strong>17 de noviembre @CONAE<\/strong><\/td><\/tr><tr><td><strong>Horario<\/strong><\/td><td><strong>Disertantes<\/strong><\/td><td><strong>Presentaci\u00f3n<\/strong><\/td><\/tr><tr><td>9:00 &#8211; 9:45<\/td><td>Marcelo Colazo (CONAE)<\/td><td>Uso cient\u00edfico de las Estaciones de Espacio Profundo instaladas en la Argentina.<\/td><\/tr><tr><td>9:45 &#8211; 10:00<\/td><td>Coffee Break<\/td><\/tr><tr><td>10:00 &#8211; 10:45<\/td><td>Leandro Rocco (CONAE)<\/td><td>Sistemas de c\u00e1maras hiperespectrales.<\/td><\/tr><tr><td>10:45 &#8211; 11:00<\/td><td>Coffee Break<\/td><\/tr><tr><td>11:00 &#8211; 11:45<\/td><td>Edgardo Bonzi (FaMAF)<\/td><td>Metodolog\u00edas de Medici\u00f3n y C\u00e1lculos, aplicados en el Laboratorio de Espectrometr\u00eda de Radiaci\u00f3n<\/td><\/tr><tr><td>11:45 &#8211; 12:00<\/td><td>Coffee Break<\/td><\/tr><tr><td>12:00 &#8211; 12:45<\/td><td>Laura D\u00edaz (FCEFYN)<\/td><td>Ant\u00f3n Pirulero, \u00bflos tecn\u00f3logos atendemos nuestro juego?<\/td><\/tr><tr><td>14:30&nbsp; &#8211; 16:30<\/td><td>Sergio Masuelli, Leandro Rocco y Sebasti\u00e1n Heredia (CONAE)<\/td><td>Taller de procesamiento de im\u00e1genes satelitales con Python<\/td><\/tr><tr><\/tr><tr><td><strong>Jornada 2<\/strong><strong>24 de noviembre @OAC<\/strong><\/td><\/tr><tr><td><strong>Horario<\/strong><\/td><td><strong>Disertantes<\/strong><\/td><td><strong>Presentaci\u00f3n<\/strong><\/td><\/tr><tr><td>9:00 &#8211; 9:45&nbsp;<\/td><td>Walter Weidmann (OAC)<\/td><td>Una introducci\u00f3n a la reducci\u00f3n de im\u00e1genes astron\u00f3micas.<\/td><\/tr><tr><td>9:45 -10:00<\/td><td>Coffee Break<\/td><\/tr><tr><td>10:00 &#8211; 10:45<\/td><td>Diego Garcia Lambas (IATE)<\/td><td>Proyectos observacionales IATE-CONAE.<\/td><\/tr><tr><td>10:45 &#8211; 11:00<\/td><td>Coffee Break<\/td><\/tr><tr><td>11:00 &#8211; 11:45<\/td><td>Juan Cabral (IATE-CONAE)<\/td><td>Decisiones en escenarios complejos.<\/td><\/tr><tr><td>11:45 &#8211; 12:00<\/td><td>Coffee Break<\/td><\/tr><tr><td>12:00 &#8211; 12:20<\/td><td>Lucas Bignone (IAFE)<\/td><td>La morfolog\u00eda de las galaxias de la simulaci\u00f3n EAGLE utilizando redes neuronales no supervisadas<\/td><\/tr><tr><td>15:00 &#8211; 16:00<\/td><td>Carolina Villal\u00f3n (IATE)<\/td><td>Taller: reducci\u00f3n de im\u00e1genes astron\u00f3micas con astropy<\/td><\/tr><tr><td>16:00 &#8211; 16:20<\/td><td>Gabriel Oio (OAC)<\/td><td>Introducci\u00f3n a cubos de datos astron\u00f3micos<\/td><\/tr><tr><td>16:20 &#8211; 16:40<\/td><td>Rafael Pignata (OAC)<\/td><td>Espectroscop\u00eda de campo integral en Nebulosas Planetarias<\/td><\/tr><tr><td>16:40 &#8211; 17:00<\/td><td>German Alfaro (IATE)<\/td><td>PISCIS: Platform for Interactive Search and Citizen Science<\/td><\/tr><tr><td><strong>Jornada 3<\/strong><strong>1 de diciembre @OAC<\/strong><\/td><\/tr><tr><td><strong>Horario<\/strong><\/td><td><strong>Disertante<\/strong><\/td><td><strong>Presentaci\u00f3n<\/strong><\/td><\/tr><tr><td>9:00 &#8211; 9:45:00<\/td><td>Francisco Tamarit (FaMAF)<\/td><td>La IA y la f\u00edsica estad\u00edstica: desde los vidrios al aprendizaje profundo<\/td><\/tr><tr><td>9:45 &#8211; 10:00<\/td><td>Coffee Break<\/td><\/tr><tr><td>10:00 &#8211; 10:45<\/td><td>Jos\u00e9 Javier D\u00edaz (Consultor independiente)<\/td><td>La tecnolog\u00eda como pol\u00edtica de Estado<\/td><\/tr><tr><td>10:45 &#8211; 11:00<\/td><td>Coffee Break<\/td><\/tr><tr><td>11:00 &#8211; 13:00<\/td><td>Discusi\u00f3n y actividades de colaboraci\u00f3n<\/td><\/tr><\/tbody><\/table><\/figure>\n\n\n\n<p>La modalidad virtual se realizar\u00e1 por Zoom, el enlace para la conexi\u00f3n se enviar\u00e1 por correo el d\u00eda lunes. Y tambi\u00e9n ser\u00e1 transmitida en vivo a trav\u00e9s de un canal de YouTube del OAC.<\/p>\n\n\n\n<p>La fecha l\u00edmite inscripci\u00f3n es el lunes 15, mediante el siguiente <a href=\"https:\/\/docs.google.com\/forms\/d\/1R7PkoW0tgefDDyBsvyS34DMweKOqsvr2W_QTQXVLHU8\/viewform?edit_requested=true2W_QTQXVLHU8\/prefill\">formulario<\/a>.<\/p>\n\n\n\n<p>Por cualquier consulta, dirigirse a la direcci\u00f3n de e-mail del evento, <a href=\"mailto:SATEC.organizacion@gmail.com\" target=\"_blank\" rel=\"noreferrer noopener\">SATEC.organizacion@gmail.com<\/a>.<\/p>\n\n\n\n<p>Para m\u00e1s informaci\u00f3n puede dirigirse a la p\u00e1gina web<a href=\"https:\/\/satec.iate.conicet.unc.edu.ar\/\" target=\"_blank\" rel=\"noreferrer noopener\"> https:\/\/satec.iate.conicet.unc.edu.ar\/<\/a>.<\/p>\n\n\n\n<p>\u00a1Muchas gracias!<\/p>\n\n\n\n<p>Saludos,\u00a0<\/p>\n","protected":false},"excerpt":{"rendered":"<p>Estimada comunidad, Nos comunicamos nuevamente para informar detalles de los encuentros que se realizar\u00e1n pr\u00f3ximamente. El cronograma incluye 7 charlas invitadas, 2 talleres y la contribuci\u00f3n de 4 charlas cortas. &hellip; <\/p>\n<p class=\"link-more\"><a href=\"https:\/\/satec.iate.conicet.unc.edu.ar\/?page_id=1101\" class=\"more-link\">Continuar leyendo<span class=\"screen-reader-text\"> \u00ab2da Circular\u00bb<\/span><\/a><\/p>\n","protected":false},"author":2,"featured_media":0,"parent":0,"menu_order":0,"comment_status":"closed","ping_status":"closed","template":"","meta":{"_EventAllDay":false,"_EventTimezone":"","_EventStartDate":"","_EventEndDate":"","_EventStartDateUTC":"","_EventEndDateUTC":"","_EventShowMap":false,"_EventShowMapLink":false,"_EventURL":"","_EventCost":"","_EventCostDescription":"","_EventCurrencySymbol":"","_EventCurrencyPosition":"","_EventDateTimeSeparator":"","_EventTimeRangeSeparator":"","_EventOrganizerID":[],"_EventVenueID":0,"_OrganizerEmail":"","_OrganizerPhone":"","_OrganizerWebsite":"","_VenueAddress":"","_VenueCity":"","_VenueCountry":"","_VenueProvince":"","_VenueZip":"","_VenuePhone":"","_VenueURL":"","_VenueStateProvince":"","_VenueLat":"","_VenueLng":""},"_links":{"self":[{"href":"https:\/\/satec.iate.conicet.unc.edu.ar\/index.php?rest_route=\/wp\/v2\/pages\/1101"}],"collection":[{"href":"https:\/\/satec.iate.conicet.unc.edu.ar\/index.php?rest_route=\/wp\/v2\/pages"}],"about":[{"href":"https:\/\/satec.iate.conicet.unc.edu.ar\/index.php?rest_route=\/wp\/v2\/types\/page"}],"author":[{"embeddable":true,"href":"https:\/\/satec.iate.conicet.unc.edu.ar\/index.php?rest_route=\/wp\/v2\/users\/2"}],"replies":[{"embeddable":true,"href":"https:\/\/satec.iate.conicet.unc.edu.ar\/index.php?rest_route=%2Fwp%2Fv2%2Fcomments&post=1101"}],"version-history":[{"count":1,"href":"https:\/\/satec.iate.conicet.unc.edu.ar\/index.php?rest_route=\/wp\/v2\/pages\/1101\/revisions"}],"predecessor-version":[{"id":1103,"href":"https:\/\/satec.iate.conicet.unc.edu.ar\/index.php?rest_route=\/wp\/v2\/pages\/1101\/revisions\/1103"}],"wp:attachment":[{"href":"https:\/\/satec.iate.conicet.unc.edu.ar\/index.php?rest_route=%2Fwp%2Fv2%2Fmedia&parent=1101"}],"curies":[{"name":"wp","href":"https:\/\/api.w.org\/{rel}","templated":true}]}}